, 37
Let f = 577 - 257. What are the prime factors of f?
2, 5
Let g be ((-78)/5)/(3/45). Let o = 396 + g. What are the prime factors of o?
2, 3
Let v(x) = 9*x + 6. Let h = 21 - 9. Let t be (-1)/3 - (-52)/h. List the prime factors of v(t).
2, 3, 7
Suppose -15348 = -13*w + w. List the prime factors of w.
1279
Let k = 9 - 1. Suppose -5*z + 4*s + 10 = 0, -3*z + k = z + 2*s. Suppose 4*q - 420 = -5*n, -n - 3*n + 310 = -z*q. What are the prime factors of n?
2, 5
Let u be ((-8)/(-4))/2*8. Suppose 13 + 12 = 5*i - j, 23 = 2*i - 3*j. Suppose -x = i - u. What are the prime factors of x?
2
Let p be (-5)/(12/(-14) - (-12)/(-84)). Suppose -3*u = 2*c - 175, 19 = -2*u + p*c + 123. List the prime factors of u.
3, 19
Let p = 36 + -32. Let z = -28 - -16. What are the prime factors of 0*p/z - -18?
2, 3
Let b(a) = -2*a + 5. Suppose l = 3*g - 4*g + 1, -9 = -3*g - l. Let n(z) = -z**2 + 3*z - 5. Let u be n(g). What are the prime factors of b(u)?
23
Suppose 3*n - 595 = -2*u, -2*u - 388 = -2*n + u. Let w = -96 + n. List the prime factors of w.
101
Let o(y) = -4*y + 9*y**3 - 4*y**3 - 4*y**3 - 8*y**2 - 12. Let x be o(9). Suppose 2*t - x = -9. List the prime factors of t.
2, 3
Let l be (-9)/(36/16) + 228. Let n = l - 156. What are the prime factors of n?
2, 17
Let j(s) be the third derivative of -2*s**3 + 0*s + 0 - 3*s**2 - 11/24*s**4. List the prime factors of j(-8).
2, 19
Let v(b) = 9*b - 6. Let j be v(6). Suppose j = 3*m + m. Suppose -h + m - 2 = 0. What are the prime factors of h?
2, 5
Let p(n) = -16*n**3 + 12*n + 9. Let z(i) = 8*i**3 - 7*i - 5. Let q(s) = -3*p(s) - 5*z(s). List the prime factors of q(3).
211
Suppose -1143 = -20*b + 19*b - v, -v + 5727 = 5*b. What are the prime factors of b?
2, 3, 191
Suppose 93 - 21 = -6*w. Let h = 20 + -9. Let u = h - w. List the prime factors of u.
23
Let k = 32 + -31. What are the prime factors of ((0 - -5)/5)/(k/62)?
2, 31
Let i be (297 - 3)/(-3) + -5 + 8. Let v = -65 - i. What are the prime factors of v?
2, 3, 5
Let j(f) = f**3 + 13*f**2 - 4*f - 11. Let v be -1 + -3 + 2 - -12. Suppose 5*o = v, 2*g + 4*o - 4 + 22 = 0. List the prime factors of j(g).
41
Let g be ((-90)/21)/(3/21). Let t = 98 + g. List the prime factors of t.
2, 17
Let m(f) be the first derivative of -f**4/2 - 7*f**3/3 + 3*f**2 + 7*f - 9. Let q be m(-6). Suppose -6*b + 119 = -q. What are the prime factors of b?
3, 5
Suppose 0 = -4*v - 5*z + 689, 0*v - 3*v = -2*z - 534. Let g = v - 10. What are the prime factors of g?
2, 83
Suppose 0 = 7*n - 1857 - 4555. What are the prime factors of n?
2, 229
Let c(g) = 10*g**3 - 5*g**2 + 9*g + 30. Let u(i) = -3*i**3 + 2*i**2 - 3*i - 10. Let q(k) = -2*c(k) - 7*u(k). What are the prime factors of q(6)?
2, 5
What are the prime factors of (-3 - 396/(-3)) + 5?
2, 67
Suppose -10 = -4*q - q, 43 = 3*d + 2*q. Suppose 522 = 16*z - d*z. What are the prime factors of z?
2, 3, 29
Let f(n) be the second derivative of n**5/20 + 2*n**4/3 + n**3/6 + 7*n**2/2 - 5*n. What are the prime factors of f(-6)?
73
Suppose 0 = -3*t - 21 + 45. Let k = t + 4. Suppose -4 = -2*x + k. What are the prime factors of x?
2
Let t = -2 + 2. What are the prime factors of -7 + 10 - (t - 53)?
2, 7
Let p(x) = -72*x + 15. Suppose -23*n + 28*n = -15. What are the prime factors of p(n)?
3, 7, 11
Let z be 30/(-105) + (-198)/(-7). Let c be (-5 + 1)/((-8)/z). Suppose -6*p + c = p. What are the prime factors of p?
2
Suppose -20 = -4*c + 4*h, 2*c + 10 = 3*c + 4*h. Suppose -c = -4*l + 2*l. List the prime factors of ((-2)/2)/(l/(-15)).
5
Suppose -5*g - 5*f + 405 + 4275 = 0, 3*g = f + 2788. List the prime factors of g.
7, 19
Let u = -26 + 50. Let r = u + -7. Let f = r - 12. What are the prime factors of f?
5
Let d(y) be the third derivative of -y**4/6 - 19*y**3/6 + y**2. Let g be 1/(0 + (-2)/26). What are the prime factors of d(g)?
3, 11
Let q(u) = -u**3 + 5*u**2 + 14*u - 6. Let i be q(9). Let w = 288 + i. What are the prime factors of w?
2, 3, 7
Suppose -242 = -2*v + 138. Let n = 276 - v. List the prime factors of n.
2, 43
Let l = 387 - 240. List the prime factors of l.
3, 7
What are the prime factors of 155/465 - (4589/(-3) + 1)?
11, 139
Suppose 0*w - 18 = -3*w. Let f = 75 - 36. Suppose -3*p - f = -w*p. List the prime factors of p.
13
Let r = 14 + -14. Suppose 4*l - 7*l = r. Suppose l = 7*o - 11*o + 120. What are the prime factors of o?
2, 3, 5
Suppose -7*f = 4*n - 22025, -11*n = -7*n + 3*f - 22045. List the prime factors of n.
5, 1103
Suppose 15*k - 47 = 17053. What are the prime factors of k?
2, 3, 5, 19
Suppose 8*x - 3*x - 20 = 0. Let f be x/(8/(-6)) - -7. Let b(a) = 3*a**2 - 5*a + 5. List the prime factors of b(f).
3, 11
Let z = -6 - 1. Let c = z + 48. What are the prime factors of c?
41
Suppose 5*i - 17487 = -4*r, -i - 7*r + 13*r + 3511 = 0. List the prime factors of i.
3499
Let y = 538 - 183. List the prime factors of y.
5, 71
Suppose -4*v - 3*f + 3608 = -2*f, -5*v + 3*f = -4527. List the prime factors of v.
3, 7, 43
Suppose 29*c + 7397 - 20418 = 0. What are the prime factors of c?
449
Let m = -1085 + 1100. What are the prime factors of m?
3, 5
Let d(k) be the first derivative of 6 - 15/2*k**2 - 12*k - 1/3*k**3. What are the prime factors of d(-10)?
2, 19
Suppose -3*q = 4*a + 5 + 13, 5*q + 30 = 3*a. Suppose -3*d + 18 = -3*y, 2*y - 4*y + 13 = 3*d. What are the prime factors of (-111)/q + y/(-2)?
19
Suppose -743 = -2*z + 667. List the prime factors of z.
3, 5, 47
Suppose -5*z + 11843 = -4*s, -z + 6*s + 2368 = 5*s. List the prime factors of z.
2371
Let l = 251 - 152. List the prime factors of l.
3, 11
Suppose -3*p + 34 + 17 = 0. Let b = p - 17. Suppose b = -7*q + 8*q - 41. What are the prime factors of q?
41
Let b be (14/35)/((-2)/(-50)). Suppose 6*n = n + b. List the prime factors of 1/((-2)/((-24)/n)).
2, 3
Suppose 0*u + 2*u = 3*v - 395, 367 = 3*v + 5*u. Let z = -71 + v. Suppose -x - 15 + z = 0. List the prime factors of x.
43
Let n be 4/38 - 41535/(-171). Suppose 242 = 4*d - 2*g + 30, -5*d + n = 3*g. List the prime factors of d.
3, 17
Let w be (2 - (1 - 1)) + -2. Let h(m) = 2*m + 29 + 3 + 19 - 4. What are the prime factors of h(w)?
47
Let u = -102 - -147. Let a = u - 16. List the prime factors of a.
29
Let q(p) = 245*p**2 - p - 1. Let g be q(-1). What are the prime factors of (-1)/(-7) + 67830/g?
277
Suppose 3*m - 8*o + 12*o - 9977 = 0, 5*o = 4*m - 13282. What are the prime factors of m?
3323
Let c = -4 + 16. Let z be ((-8)/c)/((-2)/(-51)). Let l = z - -37. What are the prime factors of l?
2, 5
Let t(w) be the second derivative of w**4/12 + 5*w**3/6 + 17*w**2/2 + 34*w. List the prime factors of t(-14).
11, 13
Let h(q) = q**3 - 54*q**2 - 98*q + 183. List the prime factors of h(56).
967
Let l = -1 - -4. Let y(p) = 6*p**2 - 7*p. Let m be y(-5). Suppose -2*w + m = l*w. List the prime factors of w.
37
Suppose 55*f - 111860 = -30*f. List the prime factors of f.
2, 7, 47
Suppose -4*o = -718 - 1558. Suppose 11*u - o = 1389. What are the prime factors of u?
2, 89
Let g(a) = -2*a**3 - 14*a**2 + a - 4. Let d be g(-7). Suppose j = w - 38, 2*j - 89 - 73 = -5*w. Let c = w + d. List the prime factors of c.
23
Suppose -2*k + 3560 = 3*k. List the prime factors of k.
2, 89
Let t = 20 - 7. Suppose 5*s - t = -3. List the prime factors of s.
2
Let r be (-3)/(-5) - 28/5. Let d be -3 - (74/2)/1. What are the prime factors of (-768)/d + 1/r?
19
Suppose 3*r - 203 - 7 = 0. Suppose -2*j + 5*s + 41 = 0, 0 = -5*j + 2*j - s + r. Suppose 4*o + 19 - 68 = 3*m, j = 2*o - m. What are the prime factors of o?
2, 5
Let l be (-3)/(-9) - (-2705)/(-15). What are the prime factors of 1/1 + l/(-4)?
2, 23
Suppose 0 = -7*c - 7 + 28. Suppose 0 = 2*u + s - 139, 0 = c*u - 7*s + 2*s - 228. What are the prime factors of u?
71
Suppose w = -4*g + 1947, 0*g - 1947 = -w - 3*g. What are the prime factors of w?
3, 11, 59
Let m(y) = -20*y**3 - y + 2*y**3 - 5 - 2*y - 2*y**2. What are the prime factors of m(-2)?
137
Suppose 10 = 7*b - 2*b. Suppose -7*o = -b*o - 15. Suppose 32 = 3*k - a, k = -2*a + 2 - o. What are the prime factors of k?
3
Let b be 3 + (-4 - (1 + -2)). Suppose 3*y - 6 = -b*y. List the prime factors of y + 2 - (-4 + 4).
2
Let z = -413 - -769. What are the prime factors of z?
2, 89
Suppose 3*b - 2 = 2*b. List the prime factors of b - -12*(-16)/(-4).
2, 5
Let t = 354 + -233. Suppose 11*k = -0*k + t. List the prime fa